{"id":7417,"date":"2025-03-13T14:10:49","date_gmt":"2025-03-13T14:10:49","guid":{"rendered":"https:\/\/sevillafcacademy.com\/?post_type=docente&#038;p=7417"},"modified":"2025-03-13T14:12:39","modified_gmt":"2025-03-13T14:12:39","slug":"jose-manuel-garcia-baquero-garcia","status":"publish","type":"docente","link":"https:\/\/sevillafcacademy.com\/en\/docente\/jose-manuel-garcia-baquero-garcia\/","title":{"rendered":"Jos\u00e9 Manuel Garc\u00eda-Baquero Garc\u00eda"},"featured_media":7418,"template":"","class_list":["post-7417","docente","type-docente","status-publish","has-post-thumbnail","hentry"],"acf":[],"_links":{"self":[{"href":"https:\/\/sevillafcacademy.com\/en\/wp-json\/wp\/v2\/docente\/7417","targetHints":{"allow":["GET"]}}],"collection":[{"href":"https:\/\/sevillafcacademy.com\/en\/wp-json\/wp\/v2\/docente"}],"about":[{"href":"https:\/\/sevillafcacademy.com\/en\/wp-json\/wp\/v2\/types\/docente"}],"wp:featuredmedia":[{"embeddable":true,"href":"https:\/\/sevillafcacademy.com\/en\/wp-json\/wp\/v2\/media\/7418"}],"wp:attachment":[{"href":"https:\/\/sevillafcacademy.com\/en\/wp-json\/wp\/v2\/media?parent=7417"}],"curies":[{"name":"wp","href":"https:\/\/api.w.org\/{rel}","templated":true}]}}

José Manuel García-Baquero García
